e ten millions digit of 308723655?
0
What is the ten thousands digit of 17579220?
7
What is the ten millions digit of 42030527?
4
What is the tens digit of 39747729?
2
What is the millions digit of 5775909430?
5
What is the billions digit of 3106554471?
3
What is the millions digit of 197346921?
7
What is the hundred thousands digit of 92914874?
9
What is the hundreds digit of 12107993?
9
What is the hundred thousands digit of 698674847?
6
What is the ten millions digit of 216523291?
1
What is the hundred thousands digit of 311772210?
7
What is the units digit of 55938752?
2
What is the ten millions digit of 52854268?
5
What is the tens digit of 92335703?
0
What is the hundred millions digit of 1012363903?
0
What is the thousands digit of 566553836?
3
What is the hundreds digit of 22167035?
0
What is the ten millions digit of 891180984?
9
What is the ten thousands digit of 3385339930?
3
What is the hundred thousands digit of 16037315?
0
What is the thousands digit of 1637485689?
5
What is the hundred thousands digit of 180825197?
8
What is the hundred thousands digit of 65349772?
3
What is the millions digit of 1190575531?
0
What is the ten thousands digit of 4480517027?
1
What is the millions digit of 578267956?
8
What is the ten thousands digit of 394874977?
7
What is the hundreds digit of 309460605?
6
What is the ten millions digit of 107428638?
0
What is the tens digit of 58030434?
3
What is the ten millions digit of 923173649?
2
What is the hundred millions digit of 188971960?
1
What is the millions digit of 23027097?
3
What is the thousands digit of 1424693708?
3
What is the ten thousands digit of 45248450?
4
What is the hundred thousands digit of 294908230?
9
What is the ten thousands digit of 5697604599?
0
What is the hundred thousands digit of 155905911?
9
What is the tens digit of 921423025?
2
What is the hundred thousands digit of 2868242592?
2
What is the hundred millions digit of 174093386?
1
What is the ten thousands digit of 871013469?
1
What is the hundred millions digit of 2706942329?
7
What is the units digit of 869406812?
2
What is the units digit of 1184756832?
2
What is the thousands digit of 168629191?
9
What is the ten thousands digit of 6251913226?
1
What is the hundreds digit of 76345329?
3
What is the ten millions digit of 264969844?
6
What is the hundred thousands digit of 20380111?
3
What is the thousands digit of 223653440?
3
What is the millions digit of 519397264?
9
What is the hundred thousands digit of 49840874?
8
What is the hundred millions digit of 1545771608?
5
What is the hundred thousands digit of 343991309?
9
What is the tens digit of 1861930288?
8
What is the ten millions digit of 564954794?
6
What is the tens digit of 62313753?
5
What is the ten thousands digit of 240207465?
0
What is the ten thousands digit of 8284332735?
3
What is the hundred millions digit of 1604875842?
6
What is the ten thousands digit of 449526420?
2
What is the tens digit of 660275443?
4
What is the hundred thousands digit of 2518203156?
2
What is the units digit of 2272812624?
4
What is the millions digit of 577213722?
7
What is the hundreds digit of 524961794?
7
What is the hundreds digit of 244405418?
4
What is the tens digit of 375959945?
4
What is the units digit of 55860716?
6
What is the tens digit of 2135846774?
7
What is the ten millions digit of 338091784?
3
What is the ten thousands digit of 5138378188?
7
What is the hundreds digit of 58670562?
5
What is the millions digit of 321351160?
1
What is the ten millions digit of 728955586?
2
What is the ten thousands digit of 3310291059?
9
What is the hundreds digit of 726688276?
2
What is the thousands digit of 3912244837?
4
What is the units digit of 216563586?
6
What is the hundred thousands digit of 16968974?
9
What is the billions digit of 2292410912?
2
What is the ten thousands digit of 67361516?
6
What is the units digit of 85942603?
3
What is the billions digit of 1275180666?
1
What is the ten millions digit of 66088901?
6
What is the hundreds digit of 129268192?
1
What is the hundred millions digit of 1026920338?
0
What is the tens digit of 121320139?
3
What is the ten thousands digit of 4283687?
8
What is the tens digit of 39278200?
0
What is the millions digit of 59574571?
9
What is the units digit of 4407360498?
8
What is the thousands digit of 1776030755?
0
What is the thousands digit of 297522172?
2
What is the ten thousands digit of 317654957?
5
What is the ten millions digit of 2618656303?
1
What is the tens digit of 45457404?
0
What is the thousands digit of 1920872864?
2
What is the hundred millions digit of 431344035?
4
What is the ten millions digit of 463276241?
6
What is the millions digit of 1254900643?
4
What is the thousands digit of 5337692383?
2
What is the units digit of 356286312?
2
What is the units digit of 127908789?
9
What is the ten thousands digit of 58012215?
1
What is the hundred millions digit of 986171665?
9
What is the ten millions digit of 5820352556?
2
What is the units digit of 2200068592?
2
What is the billions digit of 1034048708?
1
What is the hundred thousands digit of 419503975?
5
What is the units digit of 3236064988?
8
What is the ten millions digit of 53402332?
5
What is the millions digit of 122355360?
2
What is the units digit of 33681987?
7
What is the ten thousands digit of 2807367621?
6
What is the millions digit of 380992004?
0
What is the ten millions digit of 14518264?
1
What is the hundreds digit of 4038541279?
2
What is the hundred thousands digit of 685065877?
0
What is the hundreds digit of 160432241?
2
What is the hundred thousands digit of 880722702?
7
What is the millions digit of 41035030?
1
What is the millions digit of 448032492?
8
What is the ten thousands digit of 33804231?
0
What is the tens digit of 112480620?
2
What is the ten thousands digit of 1243817136?
1
What is the millions digit of 1079980834?
9
What is the hundred thousands digit of 58409982?
4
What is the hundred thousands digit of 2120199274?
1
What is the tens digit of 393217450?
5
What is the thousands digit of 61738549?
8
What is the tens digit of 8288658?
5
What is the millions digit of 241363112?
1
What is the hundred thousands digit of 280415129?
4
What is the tens digit of 1580871122?
2
What is the thousands digit of 191786594?
6
What is the millions digit of 28914017?
8
What is the units digit of 26744755?
5
What is the tens digit of 160339746?
4
What is the ten millions digit of 12295370?
1
What is the ten millions digit of 117343906?
1
What is the units digit of 142711459?
9
What is the hundred millions digit of 2053138052?
0
What is the thousands digit of 439705586?
5
What is the tens digit of 1677668262?
6
What is the units digit of 375289610?
0
What is the hundred thousands digit of 20401284?
4
What is the ten millions digit of 75931006?
7
What is the hundred millions digit of 231218194?
2
What is the tens digit of 116247233?
3
What is the units digit of 442358212?
2
What is the thousands digit of 106442051?
2
What is the thousands digit of 3722321963?
1
What is the thousands digit of 1821570954?
0
What is the hundreds digit of 1616650702?
7
What is the ten thousands digit of 1463341618?
4
What is the ten thousands digit of 273007137?
0
What is the thousands digit of 86941352?
1
What is the millions digit of 44738742?
4
What is the hundreds digit of 18618729?
7
What is the hundred thousands digit of 5567889899?
8
What is the millions digit of 378614359?
8
What is the thousands digit of 4742240529?
0
What is the ten millions digit of 13382409?
1
What is the hundred millions digit of 4629299818?
6
What is the hundred thousands digit of 21930990?
9
What is the units digit of 2837211326?
6
What is the ten millions digit of 4247848691?
4
What is the ten millions digit of 525814507?
2
What is the thousands digit of 297324477?
4
What is the ten thousands digit of 53311664?
1
What is the tens digit of 1392304?
0
What is the units digit of 238994916?
6
What is the units digit of 1349609232?
2
What is the hundreds digit of 45333814?
8
What is the hundred thousands digit of 105293967?
2
What is the hundreds digit of 57944873?
8
What is the millions digit of 203966894?
3
What is the thousands digit of 106110013?
0
What is the hundreds d